 13*q + 36. Let k(r) = -17*r + 13. Let x be k(q). Calculate the highest common divisor of 31 and x.
31
Let l(v) = v**3 - 6*v**2 - 5*v + 2. Let h be l(7). Suppose -4*m - y = -580, 3*m - 156 = 2*m - 3*y. What is the highest common factor of h and m?
16
Suppose -5*t = 3*q - t - 40, -80 = -3*q + 4*t. Suppose -z = -5 - q. Calculate the highest common divisor of z and 5.
5
Suppose -f - 4*s + 38 = f, -2*f - 2*s = -40. Calculate the highest common factor of f and 35.
7
Suppose 2*j = -3*c + 56, 7*j - 19 = -2*c + 2*j. What is the highest common factor of c and 176?
22
Let t(l) = 5*l - 10. Let n be t(6). Calculate the highest common factor of 4 and n.
4
Suppose -2*h + 3*o - 65 + 230 = 0, 3*h = -3*o + 210. What is the highest common divisor of h and 30?
15
Suppose 0 = -v - 0*v + 2. Suppose -v*h + 4 = -2. Suppose -b - 2*a = -h*b + 24, -2*b - 2*a = -24. Calculate the highest common factor of 96 and b.
12
Let u(a) = -3*a - 4. Let m be u(-6). Suppose 8*z = 633 + 263. What is the greatest common divisor of m and z?
14
Let g be (10/6)/(2/6). Let b be g - (1 - (-2 - -5)). Let o(x) = x**2 - 6*x + 7. Let q be o(b). What is the highest common divisor of q and 2?
2
Let w = -27 + 45. What is the greatest common factor of w and 9?
9
Let v(s) = s**2 - 9*s - 3. Let m be v(-3). What is the greatest common factor of m and 11?
11
Let m(u) = -8*u + 9. Let f be m(6). Let r = -22 - f. Calculate the greatest common divisor of 51 and r.
17
Suppose 0 = -4*b + 22 + 74. What is the greatest common factor of 4 and b?
4
Suppose 3*t + 108 = 5*a, 4 = t - 0*t. What is the greatest common divisor of 48 and a?
24
Let f be 7/7 + (-17 - -1). Let v(k) = -k**2 - 21*k + 14. Let d be v(f). Calculate the highest common divisor of 13 and d.
13
Suppose 2*p - 7 - 5 = 0. Let r be 20/p*(-66)/(-4). Let j = 11 + -6. What is the highest common divisor of j and r?
5
Suppose 0 = -16*y - y + 4760. Calculate the greatest common factor of 40 and y.
40
Let y be (2 - 3)*(-3 + 3). Suppose -4*p = 4*l - 12, 5*p = -y*p - 3*l + 15. Calculate the highest common divisor of 21 and p.
3
Let m(h) = -h**2 + 7*h + 1. Let x be m(3). Suppose -5*i = -180 - 275. Calculate the greatest common divisor of x and i.
13
Suppose 3 = 3*p - 18. Let g = 10 - p. Calculate the highest common factor of g and 24.
3
Let s(c) = 2*c**2 - 4*c - 4. Let d be s(4). Let q = -2 + 6. Calculate the highest common divisor of d and q.
4
Let d = 173 + -77. Calculate the greatest common factor of d and 12.
12
Suppose n = 2*n - 16. What is the highest common divisor of 16 and n?
16
Let k = -4 - -6. Let m be (3 + (-4)/16)*8. Let j = 30 - m. What is the highest common factor of j and k?
2
Let k(w) = w**3 + 2*w**2 - 1. Let n be k(1). Calculate the greatest common factor of 16 and n.
2
Let y = -106 - -131. What is the highest common factor of 10 and y?
5
Suppose y = -r - 22, 4*y + 102 = -5*r + y. Let p = r - -50. Let s be 0*((-2)/(-1))/(-2) - -4. What is the highest common divisor of p and s?
4
Suppose 20 = -2*b + 6*b. Let u be (0 - -10)*2/20*5. Calculate the highest common divisor of u and b.
5
Suppose 19*b - 24 = 15*b. What is the highest common factor of 42 and b?
6
Let a = 6 - -6. Suppose i - 2 = 0, -3*x - 3*i + 7*i + 244 = 0. Calculate the highest common factor of x and a.
12
Let v(k) be the first derivative of -k**4/4 + 2*k**3 - 5*k**2/2 + 4*k - 3. Let g be v(4). What is the greatest common divisor of g and 2?
2
Let x = 35 - 0. Let p = x + 45. Calculate the greatest common factor of p and 16.
16
Let o = 0 - 0. Let i(d) = -d**2 - d + 10. Let k be i(o). Calculate the highest common factor of k and 4.
2
Suppose v + 6 = j, -5*v + 2 = 17. Let i(m) = -m**3 + 2*m**2 + 4*m. Let h be i(j). What is the highest common factor of 2 and h?
1
Let u = -571 - -575. Suppose 5*i - 81 = 59. Calculate the highest common divisor of u and i.
4
Let m(g) = 8*g - 8. Let f be m(5). Suppose -4*n + 4 = -3*n. Calculate the greatest common divisor of f and n.
4
Let o = -111 - -118. Calculate the greatest common divisor of o and 119.
7
Let a(x) be the third derivative of 5/24*x**4 - 2*x**2 + 0*x + 0 - x**3. Let v be a(4). What is the greatest common factor of v and 7?
7
Let y = 47 - 31. Let k(x) = 47*x - 2. Let n(m) = -m - 1. Let l(f) = k(f) + 2*n(f). Let g be l(4). What is the highest common divisor of g and y?
16
Let q(u) = 3*u + 2. Let i be q(-3). Let w(l) = 7*l + 8. Let f be w(i). Let r be f/(-3) - (-1)/3. Calculate the highest common factor of 70 and r.
14
Suppose -w + 12 = 3*w. Suppose -2*y - l + 13 = 0, -4*l = w*y - 8 - 24. Suppose -i = -y*i + 45. Calculate the highest common divisor of 15 and i.
15
Let c(s) = -38*s**2 - 3. Let o be c(-3). Let h be (-6)/(-27) + o/(-27). What is the greatest common factor of h and 26?
13
Let o = -1 - -3. Suppose -o*l = -5 - 1. Suppose -l*q = -99 + 15. Calculate the highest common divisor of q and 7.
7
Let x = -7 + 23. Let o be (-504)/(-15)*40/12. Calculate the highest common divisor of o and x.
16
Suppose g + 20 = 3*g. Let u = -15 - -25. What is the highest common divisor of u and g?
10
Let g be ((-16)/(-20))/(2/(-10)). Let u = g - -7. Suppose q - 5*w - 39 = -2*q, 3*q - u*w - 33 = 0. Calculate the highest common divisor of q and 16.
8
Suppose 1 + 11 = 3*q. Suppose 21 = -q*c + 93. Calculate the greatest common divisor of c and 2.
2
Suppose -4*g + 34 = 2*i, -g + 0*g = -5*i + 140. Calculate the highest common divisor of 63 and i.
9
Suppose 0 = m - 0 - 2. Suppose -5*a - m*y + 27 + 5 = 0, 2*a - 2*y - 24 = 0. Calculate the highest common factor of a and 2.
2
Suppose -2*a + 2*x = x - 157, -74 = -a - x. Let i(s) = s + 4. Let k be i(3). What is the highest common divisor of a and k?
7
Suppose k = -4*k + 50. Let f = 19 - 9. What is the highest common factor of k and f?
10
Let a(d) = d**3 + 4*d**2 - 7*d - 3. Let f be a(-5). What is the highest common divisor of 7 and f?
7
Suppose -2*o - 3*o + 375 = 0. What is the highest common factor of 25 and o?
25
Let k = 408 + -288. Let p = -36 + 66. Calculate the highest common divisor of p and k.
30
Suppose -2*c = 3*c - 10, -4*n - 12 = -2*c. Let s be ((-22)/8)/(n/40). Calculate the greatest common divisor of s and 5.
5
Let c = 8 + 1. Calculate the greatest common factor of 36 and c.
9
Let q(r) = -7*r - 15. Let k be q(-3). What is the greatest common divisor of 15 and k?
3
Suppose 3*g + 84 = 87. What is the greatest common divisor of g and 11?
1
Let f(r) = -2*r**2 + 10*r + 14. Let o be f(6). What is the greatest common divisor of 22 and o?
2
Suppose -d + 20 = 4*d. What is the highest common divisor of d and 2?
2
Let m = 8 - 0. Calculate the highest common divisor of 8 and m.
8
Let b = -56 + 80. Calculate the highest common divisor of 6 and b.
6
Let o(m) = 0*m**2 + 3*m**2 - m**2 - 1 + 12*m**3. Let c be o(1). What is the greatest common divisor of c and 13?
13
Suppose w + w + 3*u = 181, -3*u = -5*w + 463. Let f be (23/(-4))/((-1)/4). Calculate the highest common divisor of w and f.
23
Let y be (-2)/(-12)*3*0. Suppose y = -2*n + n. Let f be 3*(n - 52/(-6)). What is the greatest common factor of 39 and f?
13
Let p = 89 + -58. Let d = -18 + p. What is the highest common divisor of d and 117?
13
Let j = -3 - -6. Suppose -3*y + 36 = 4*b, 2*b = -j*b + 3*y + 72. Let n = -246 + 282. What is the highest common divisor of n and b?
12
Suppose -3*g + 97 + 35 = 0. Let j = -55 + 66. Calculate the greatest common factor of j and g.
11
Let x = 60 - 34. Suppose -22 = -2*i + u, 0 = 5*i - u - 23 - x. What is the highest common divisor of 45 and i?
9
Let t be (-1)/((-6)/5 + 1). What is the highest common factor of 5 and t?
5
Let c(r) = r**3 + r + 24. Let a = -7 - -7. Let q be c(a). Calculate the greatest common divisor of 8 and q.
8
Let n = 13 + -19. Let b be -1*3*n/9. Calculate the greatest common factor of b and 10.
2
Let l be (-4 - -5)*1 - -89. Calculate the highest common factor of l and 18.
18
Let p be 11*(6/1)/3. Let w = 54 + -32. Calculate the greatest common divisor of w and p.
22
Let z(w) = -w**3 - 3*w**2 - 5*w - 2. Let h be z(-6). Let f be (-17808)/(-530) - (-2)/5. Calculate the greatest common factor of h and f.
34
Let p = -30 + -33. Let z be ((-1)/(-2))/((-2)/8). Let h be z - (p + 2) - -1. What is the greatest common divisor of h and 24?
12
Suppose 1 + 2 = 3*n. Let h be 0 - -4 - (n - -2). What is the highest common diviso